3*s. Suppose 2*n + 3*n + 2*a = 60, 5*n - 2*a - 40 = 0. What are the prime factors of 8/n*200/s?
2, 5
Let i be (-8)/(-4)*1/2. Let c be 12/(-1)*i/2. Let b = c + 16. What are the prime factors of b?
2, 5
What are the prime factors of (-193)/(-4) - (-24)/32?
7
Suppose 1399 - 354 = 4*h - b, -1290 = -5*h - 2*b. What are the prime factors of h?
2, 5, 13
Suppose r + 8 = 5*r, 163 = 3*b + 5*r. Let k = b - 36. List the prime factors of k.
3, 5
Let l(h) = 3*h**3 - 18*h**2 - 11*h + 2. List the prime factors of l(8).
2, 149
Let s(i) = -i**3 - 9*i**2 - 9*i - 3. Let o be s(-7). Let l = o - -63. List the prime factors of l.
5
Suppose 4*t - 19 + 3 = 0. Suppose t*l = 2*c, 13 = 5*c + l + 2*l. List the prime factors of c.
2
Let o(j) = 2*j**2 - 7*j - 7. Let c be o(6). Let u = c - -29. What are the prime factors of u?
2, 13
Let l be 0 + (-1)/((-1)/2). List the prime factors of (2 + 1 - l)*5.
5
Let u(r) = 2*r**2 - 6*r. Suppose -3*o + 2 + 13 = 0. What are the prime factors of u(o)?
2, 5
Let h = 11 - -4. What are the prime factors of ((-10)/25)/((-1)/h)?
2, 3
Let h = 8 - 4. Let a = -1 + h. List the prime factors of a.
3
Suppose 4*d - 6 = 14. List the prime factors of d.
5
Suppose 4*s = -23 + 3. Let i = 31 - 17. Let m = i + s. List the prime factors of m.
3
Suppose -n - 1 = s + 3, 1 = n. Let b = s - -20. List the prime factors of b.
3, 5
Let n = -53 - -89. List the prime factors of n.
2, 3
Suppose p = -p + 4. Suppose p*a + 0 - 10 = 0. Suppose 0 = -2*h + a*j + 32, 2*j + 23 = 3*h - 3. List the prime factors of h.
2, 3
Let l(k) = -k - 3. Let y(h) = h**2 - 5*h - 2. Let r be y(4). Let j be l(r). Let w = 6 - j. What are the prime factors of w?
3
Let w(j) = -j**3 - j**2 - 425. Let z be w(0). Let s be z/(-15) - 1/3. Let t = -17 + s. What are the prime factors of t?
11
Let r be 12/(-3)*1/(-2). Suppose -r*c - 2*q + 48 = 0, 2*q - 3*q + 5 = 0. What are the prime factors of c?
19
Let t = 3 - 2. Let g = t - -2. Suppose 0 = 5*w - 0*w - 3*n - 54, -g*n - 27 = -2*w. List the prime factors of w.
3
List the prime factors of (17/(-3) + 4)*(-22 + 1).
5, 7
Let z(g) = g**2 - g - 2. Let f be z(2). Suppose f*j - 2*j = -10. What are the prime factors of j?
5
Let l = 6 - 5. Suppose -u + l = 0, -u = 2*r + u - 24. What are the prime factors of r?
11
Suppose -4*v - 5*h + 24 = 0, 0 = -v - 0*v - 5*h - 9. Suppose f + v = 5*d - 4, 0 = -4*d + 20. What are the prime factors of f?
2, 5
Let i be (0 - -2 - 0) + 3. Let h = -23 + i. Let u = h + 29. List the prime factors of u.
11
Let k = 0 - 0. Suppose 3*w = -k*l - 5*l + 20, 3*l = 12. Suppose 0 = 3*i - 2*h + 4*h - 7, -3*i + 5*h + 14 = w. What are the prime factors of i?
3
Let a = -220 - -402. List the prime factors of a.
2, 7, 13
Let o(m) = -m**3 - 3*m**2 + m + 3. Let r be o(-3). Suppose r*t - 1 = -t. What are the prime factors of -1 + 4 - -2*t?
5
Suppose -3*u + 276 = -0*u. Suppose 5*r - 9*r = -u. List the prime factors of r.
23
Let j be -2*((-1 - 12) + -1). Let b = j - 17. List the prime factors of b.
11
Let b(x) = 12*x**2 + 1. List the prime factors of b(-1).
13
Suppose 0 = v - 92 - 48. What are the prime factors of v?
2, 5, 7
Let g(x) = 3*x - 6. What are the prime factors of g(4)?
2, 3
Let l(j) = -j**3 + 10*j**2 - 8*j - 9. Let c be l(9). Suppose 0 = -q + 1, 2*z - 4*q - 29 = -z. Suppose -b + z + 1 = c. What are the prime factors of b?
2, 3
Suppose -w + 0*w = -2. Suppose -3*a = w*a - 20. Suppose a*k + 7 = 51. List the prime factors of k.
11
Let r(j) = -j**3 + 7*j**2 - 4*j - 1. What are the prime factors of r(5)?
29
Let o = -25 + 61. Suppose 3*c + o = 117. List the prime factors of c.
3
Let r be -3 - (68/(-2) - -1). Suppose -5*l = -3*l - r. What are the prime factors of l?
3, 5
Let q = 112 - 30. List the prime factors of q.
2, 41
Let h be 2*-1*(-1639)/22. Suppose 5*u - 96 - h = 0. List the prime factors of u.
7
Let y = -6 + 9. Suppose -4*z + y = -3*t, -t + 5*z = -5*t + 27. List the prime factors of t.
3
Let m be 0 - -2 - (-3 + 13). What are the prime factors of 6*m/(-9)*3?
2
Suppose -h + 159 = 3*p, 0 = 3*p - h - 105 - 60. List the prime factors of p.
2, 3
Suppose 35 = -3*u - 46. What are the prime factors of 1*(-2 - -2 - u)?
3
Let v(g) = -g**3 - 7*g**2 + 6*g - 4. Let m be v(-8). Suppose m = 3*y, -3*p - 3*y = -52 + 10. Suppose 5*t + 30 = p*t. List the prime factors of t.
2, 3
Let o be -43 - (-9)/(6/(-2)). Let g be (-4)/22 - o/11. Let m = g + 3. List the prime factors of m.
7
Suppose -47 = 3*r + z, 0 = -5*r - z - 4 - 71. Let j be (-1 - 6)*60/r. Suppose 5*l - 2 + j = 4*n, n + 5*l = 7. List the prime factors of n.
7
Suppose 2*c - 4 - 2 = 0. Let y(r) = -r**2 + 5*r - 4. List the prime factors of y(c).
2
Suppose 0 = 3*a - 0*a - 12. Let w be (a/(-12))/((-2)/222). Suppose 3*h - w = 11. What are the prime factors of h?
2
Let j(v) = 3*v - 6. Let a(k) = 2*k - 3. Let g(z) = -5*a(z) + 3*j(z). Let o be g(0). What are the prime factors of 0 + o/1 + 15?
2, 3
What are the prime factors of (-7 - -111) + 1/1?
3, 5, 7
Suppose 2*a = -2*r + 72, -2*a - a = -3*r + 102. List the prime factors of r.
5, 7
Suppose -8 = -o + 4*b, 0 = 4*b - 2*b. Let a(u) = -u**3 + 8*u**2 + 2*u. What are the prime factors of a(o)?
2
Let q(t) = 4*t**2 + t + 1. Let h be q(-1). Let k = -1 - h. What are the prime factors of ((-8)/5)/(1/k)?
2
Suppose -5*d + 17 = b, -d - 5 = 2*b - 4*d. Let w be (-1)/b*5*-2. Suppose -w = 2*l - 21. What are the prime factors of l?
2
Let y(z) = 3*z - 3. What are the prime factors of y(8)?
3, 7
Let u = -65 - -124. List the prime factors of u.
59
Let n(v) = -5*v**3 - 2*v - 1. Let f be 2/(4/(-2)) - 1. Let m = f + 1. What are the prime factors of n(m)?
2, 3
Let j(h) = -h**2 + 11*h - 2. Let f = -4 - -9. What are the prime factors of j(f)?
2, 7
Let v(i) = 9*i + 2. Let r(o) = 5*o + 1. Let y(a) = -11*r(a) + 6*v(a). Let j(t) = -6*t**2 + 3*t - 2. Let m be j(1). What are the prime factors of y(m)?
2, 3
Let j(t) = -38*t + 19. What are the prime factors of j(-3)?
7, 19
Let z = 11 - 12. Let q be (2*-6)/(0 + -1). Let f = q + z. List the prime factors of f.
11
What are the prime factors of (-2 + 6)*62 - (-6)/(-3)?
2, 3, 41
Let g(h) = -h**3 - 7*h**2 - 7*h + 8. Let c be g(-6). Let i = 7 - c. Let d = 11 + i. What are the prime factors of d?
2
Let g(u) = -u**3 + 4*u**2 + 2*u - 2. Let i be g(-2). Suppose 8*a - 5*a - i = 0. List the prime factors of a.
2, 3
Let o be 1/3 - (-1)/(-3). Let g(l) = -l**3 - l**2 + 1. Let q be g(o). List the prime factors of (-3 - -60)*q/3.
19
Let m(p) = p + 2. Let v be m(-2). Suppose n = v, w = -6*n + n + 54. List the prime factors of w.
2, 3
Suppose -30 = -2*d + 14. Let t = d - 14. List the prime factors of t.
2
Let d(z) = 2*z**2 + 3*z - 11. What are the prime factors of d(4)?
3, 11
Let z be (6/(-4))/((-12)/40). Suppose z*w + 34 = 94. List the prime factors of w.
2, 3
Let c(o) = o**3 + 3*o**2 + o - 2. What are the prime factors of c(3)?
5, 11
Suppose 0 = w - 0 - 4. Suppose w*n - 3*n = -3*g + 49, -g + 31 = 4*n. What are the prime factors of g?
3, 5
Suppose -5*u = 3*p - 7*p + 153, -4*u + 222 = 5*p. List the prime factors of p.
2, 3, 7
Let n(u) = 62*u**2 - 9*u + 14. List the prime factors of n(2).
2, 61
Let u be -1*2/(-6)*-3. Let b be -2 - (-6 - (u - 0)). Suppose -7 = -b*j - f, -17 = 4*j - 7*j + f. What are the prime factors of j?
2
What are the prime factors of 784/40 + 4/10?
2, 5
Let d(m) = -m + 3 + 5*m + m**2 + m**3 - 5*m**2 + 2. List the prime factors of d(4).
3, 7
Let a = 19 + -16. Suppose -a*m + g = -9 - 54, g = 2*m - 41. List the prime factors of m.
2, 11
Let t(j) = j**3 + 6*j**2 + 6*j + 7. Let s be t(-5). Suppose 5*n = -s*g - 0*g - 6, n = -3*g + 17. List the prime factors of g.
7
Suppose -116 - 164 = -4*b + 3*m, 0 = -b + 2*m + 75. Suppose -q = -3*l + b, 4*l = 4*q - 2*q + 86. List the prime factors of l.
2, 3
Let y(v) be the second derivative of v**4 - v**3/6 - v. Let h(l) = l**3 + 5*l**2 - 6*l - 1. Let j be h(-6). What are the prime factors of y(j)?
13
List the prime factors of 1/(-3*2/(-126)).
3, 7
List the prime factors of (-4 - -6)/(4/86).
43
Let l = 93 - 30. List the prime factors of l.
3, 7
Let t(a) = a**3 - 4*a**2 + 5*a - 2. Let z be t(3). Suppose -4*b - z*h + 5*h + 27 = 0, 0 = b + 2*h - 9. What are the prime factors of b?
7
Let c(q) = -q**2 + 8*q + 1. Suppose 2*z - 28 - 46 = 0. Suppose 5*h + 2*r = -0*h + 29, -4*h + 3*r = -z. List the prime factors of c(h).
2
Su